{"id":7,"date":"2021-06-23T20:02:29","date_gmt":"2021-06-23T18:02:29","guid":{"rendered":"http:\/\/staging.nabingers.de\/?page_id=7"},"modified":"2025-06-07T10:02:49","modified_gmt":"2025-06-07T08:02:49","slug":"portrait-der-autorin","status":"publish","type":"page","link":"https:\/\/nabingers.de\/petra\/portrait-der-autorin\/","title":{"rendered":"Portrait der Autorin"},"content":{"rendered":"\n<div class=\"wp-block-columns is-layout-flex wp-container-core-columns-is-layout-9d6595d7 wp-block-columns-is-layout-flex\">\n<div class=\"wp-block-column is-layout-flow wp-block-column-is-layout-flow\" style=\"flex-basis:100%\">\n<div class=\"wp-block-columns is-layout-flex wp-container-core-columns-is-layout-9d6595d7 wp-block-columns-is-layout-flex\">\n<div class=\"wp-block-column is-layout-flow wp-block-column-is-layout-flow\">\n<p class=\"has-text-align-left\">Seit 2013 schreibe ich B\u00fccher und Artikel zum Thema Chancengerechtigkeit. Ich engagiere mich in den Frauennetzwerken Deutscher Akademikerinnenbund, dem Sparkassennetzwerk S-FiF (Sparkassen Frauen in F\u00fchrung) und bei FidAR. Auch als Verwaltungs- und Personalr\u00e4tin setze ich mich f\u00fcr die Frauenf\u00f6rderung ein.<br><\/p>\n\n\n\n<p class=\"has-text-align-left\">In meinen  B\u00fcchern stelle ich erfolgreiche Frauen aus der Finanz- und Coaching-Branche vor, kreative Frauen, die sich selbst\u00e4ndig gemacht haben und Frauen mit kultureller Vielfalt. Insgesamt eine facettenreiche und bunte Palette an weiblichen Talenten, die eine Vorbildfunktion einnehmen und zeigen, wie frau beruflich erfolgreich sein kann.<\/p>\n\n\n\n<p>Als vierfache Mutter, die nach Ausbildung, berufsbegleitendem Studium und Familienzeit in eine anspruchsvolle berufliche Position zur\u00fcckgekehrt ist, bin ich selbst zum Vorbild geworden. Gro\u00dfe Freude bereitet es mir, bei Lesungen mit meinem Publikum in die Diskussion zu gehen. Ich trete daf\u00fcr ein, dass Frauen auch in sp\u00e4teren Jahren die Chance erhalten, Karriere bis ins oberste Management zu machen. Als Bef\u00fcrworterin der Frauenquote ver\u00f6ffentlichte ich im August 2021 mein sechstes Buch &#8222;Die Quotenfrau&#8220;. Darin geht es um die Frauenquote und die Geschlechtergerechtigkeit. Die Buch-Besetzung ist hochkar\u00e4tig. Es erwartet Sie kompakte und herausragende Expertise zu einem gesellschaftlich bedeutsamen Thema.<\/p>\n\n\n\n<p>Im Jahr 2025 geht es weiter mit Female-Empowerment. Im achten Buch stelle ich Frauen aus der Finanzbranche vor, die als Vorbilder f\u00fcr eine Karriere im Finanzsektor inspirieren und ermutigen sollen: &#8222;Frauen in Spitzenpositionen &#8211; Role Models der Finanzbranche&#8220;  &#8211; die kleine Karriere-Bibel f\u00fcr Frauen und deren Unterst\u00fctzer:innen.<\/p>\n\n\n\n<p>Petra Nabinger, im Juni 2025<\/p>\n\n\n<div class=\"wp-block-image is-style-default\">\n<figure class=\"alignright size-primer-featured\"><img loading=\"lazy\" decoding=\"async\" width=\"1600\" height=\"1067\" src=\"http:\/\/staging.nabingers.de\/wp-content\/uploads\/2021\/06\/20180202_194352000_iOS-1600x1067.jpg\" alt=\"\" class=\"wp-image-21\" srcset=\"https:\/\/nabingers.de\/petra\/wp-content\/uploads\/2021\/06\/20180202_194352000_iOS-1600x1067.jpg 1600w, https:\/\/nabingers.de\/petra\/wp-content\/uploads\/2021\/06\/20180202_194352000_iOS-300x200.jpg 300w, https:\/\/nabingers.de\/petra\/wp-content\/uploads\/2021\/06\/20180202_194352000_iOS-1024x683.jpg 1024w, https:\/\/nabingers.de\/petra\/wp-content\/uploads\/2021\/06\/20180202_194352000_iOS-768x512.jpg 768w, https:\/\/nabingers.de\/petra\/wp-content\/uploads\/2021\/06\/20180202_194352000_iOS-1536x1024.jpg 1536w, https:\/\/nabingers.de\/petra\/wp-content\/uploads\/2021\/06\/20180202_194352000_iOS-2048x1365.jpg 2048w\" sizes=\"auto, (max-width: 1600px) 100vw, 1600px\" \/><\/figure>\n<\/div>\n\n\n<p class=\"has-text-align-right has-small-font-size\"><sup>Foto: Olaf Schmitt<\/sup><\/p>\n<\/div>\n<\/div>\n<\/div>\n<\/div>\n","protected":false},"excerpt":{"rendered":"<p>Seit 2013 schreibe ich B\u00fccher und Artikel zum Thema Chancengerechtigkeit. Ich engagiere mich in den Frauennetzwerken Deutscher Akademikerinnenbund, dem Sparkassennetzwerk&hellip;<\/p>\n","protected":false},"author":1,"featured_media":0,"parent":0,"menu_order":0,"comment_status":"closed","ping_status":"closed","template":"","meta":{"footnotes":""},"class_list":["post-7","page","type-page","status-publish","hentry"],"_links":{"self":[{"href":"https:\/\/nabingers.de\/petra\/wp-json\/wp\/v2\/pages\/7","targetHints":{"allow":["GET"]}}],"collection":[{"href":"https:\/\/nabingers.de\/petra\/wp-json\/wp\/v2\/pages"}],"about":[{"href":"https:\/\/nabingers.de\/petra\/wp-json\/wp\/v2\/types\/page"}],"author":[{"embeddable":true,"href":"https:\/\/nabingers.de\/petra\/wp-json\/wp\/v2\/users\/1"}],"replies":[{"embeddable":true,"href":"https:\/\/nabingers.de\/petra\/wp-json\/wp\/v2\/comments?post=7"}],"version-history":[{"count":30,"href":"https:\/\/nabingers.de\/petra\/wp-json\/wp\/v2\/pages\/7\/revisions"}],"predecessor-version":[{"id":449,"href":"https:\/\/nabingers.de\/petra\/wp-json\/wp\/v2\/pages\/7\/revisions\/449"}],"wp:attachment":[{"href":"https:\/\/nabingers.de\/petra\/wp-json\/wp\/v2\/media?parent=7"}],"curies":[{"name":"wp","href":"https:\/\/api.w.org\/{rel}","templated":true}]}}