{"id":9,"date":"2021-06-22T21:23:53","date_gmt":"2021-06-22T19:23:53","guid":{"rendered":"http:\/\/staging.nabingers.de\/?page_id=9"},"modified":"2025-06-07T17:01:37","modified_gmt":"2025-06-07T15:01:37","slug":"buecher","status":"publish","type":"page","link":"https:\/\/nabingers.de\/petra\/buecher\/","title":{"rendered":"B\u00fccher"},"content":{"rendered":"\n<p><strong> Bisher erschienen<\/strong><\/p>\n\n\n<div class=\"wp-block-image\">\n<figure class=\"aligncenter size-large is-resized\"><img loading=\"lazy\" decoding=\"async\" width=\"687\" height=\"1024\" src=\"https:\/\/nabingers.de\/petra\/wp-content\/uploads\/2025\/06\/Frauen_in_Spitzenpositionen_2D-1-687x1024.jpg\" alt=\"\" class=\"wp-image-451\" style=\"width:477px;height:auto\" srcset=\"https:\/\/nabingers.de\/petra\/wp-content\/uploads\/2025\/06\/Frauen_in_Spitzenpositionen_2D-1-687x1024.jpg 687w, https:\/\/nabingers.de\/petra\/wp-content\/uploads\/2025\/06\/Frauen_in_Spitzenpositionen_2D-1-201x300.jpg 201w, https:\/\/nabingers.de\/petra\/wp-content\/uploads\/2025\/06\/Frauen_in_Spitzenpositionen_2D-1.jpg 769w\" sizes=\"auto, (max-width: 687px) 100vw, 687px\" \/><\/figure>\n<\/div>\n\n\n<p class=\"has-text-align-center\"><strong>Mehr Frauen an die Spitze!<\/strong><\/p>\n\n\n\n<p class=\"has-text-align-center\">Braucht es die Quote f\u00fcr mehr Frauen in Spitzenpositionen? <\/p>\n\n\n\n<p class=\"has-text-align-center\">Welche Mittel stehen noch zur Verf\u00fcgung, um mehr Parit\u00e4t in den oberen Managementebenen von Unternehmen zu erreichen? <\/p>\n\n\n\n<p class=\"has-text-align-center\">Wie wichtig sind Vorbilder, die anderen Mut machen, ihrem Beispiel zu folgen?<\/p>\n\n\n\n<p class=\"has-text-align-center\">In meinem achten Buch <strong>&#8222;Frauen in Spitzenpositionen&#8220; <\/strong>versammle ich Portr\u00e4ts von Frauen in der Finanzwelt, die es in dieser m\u00e4nnerdominierten Branche bis nach oben geschafft haben. Die interviewten Frauen berichten von Stolpersteinen, Schl\u00fcsselmomenten, Netzwerken sowie der eigenen Motivation und gew\u00e4hren auf diese Weise ehrliche und authentische Einblicke in ihre Laufbahnen. Das \u00fcbergreifende Fazit der Frauen lautet: Auf die eigenen St\u00e4rken schauen und schon in fr\u00fchen Jahren mehr fordern. Beitr\u00e4ge von Expertinnen und Experten aus verschiedenen Bereichen bieten Empfehlungen und Tipps f\u00fcr den individuellen Karriereweg. <\/p>\n\n\n\n<p class=\"has-text-align-center\">ISBN 978-3-96251-232-3<\/p>\n\n\n<div class=\"wp-block-image\">\n<figure class=\"aligncenter size-large is-resized\"><img loading=\"lazy\" decoding=\"async\" width=\"1024\" height=\"682\" src=\"https:\/\/nabingers.de\/petra\/wp-content\/uploads\/2025\/06\/7235-1024x682.jpg\" alt=\"\" class=\"wp-image-480\" style=\"width:604px;height:auto\" srcset=\"https:\/\/nabingers.de\/petra\/wp-content\/uploads\/2025\/06\/7235-1024x682.jpg 1024w, https:\/\/nabingers.de\/petra\/wp-content\/uploads\/2025\/06\/7235-300x200.jpg 300w, https:\/\/nabingers.de\/petra\/wp-content\/uploads\/2025\/06\/7235-768x512.jpg 768w, https:\/\/nabingers.de\/petra\/wp-content\/uploads\/2025\/06\/7235-1536x1024.jpg 1536w, https:\/\/nabingers.de\/petra\/wp-content\/uploads\/2025\/06\/7235-1600x1066.jpg 1600w, https:\/\/nabingers.de\/petra\/wp-content\/uploads\/2025\/06\/7235.jpg 1772w\" sizes=\"auto, (max-width: 1024px) 100vw, 1024px\" \/><\/figure>\n<\/div>\n\n\n<p class=\"has-text-align-center\">Foto: Melanie Hubach<\/p>\n\n\n\n<p><\/p>\n\n\n\n<p class=\"has-text-align-center\"><strong><em>Information in eigener Sache: <\/em><\/strong><\/p>\n\n\n\n<p class=\"has-text-align-center\"><strong><em>Meine ersten sieben B\u00fccher sind im Littera Verlag erschienen. <\/em><\/strong><\/p>\n\n\n\n<p class=\"has-text-align-center\"><strong><em>Mit dem achten Buch erfolgte ein Wechsel zum Frankfurter Allgemeine Buch Verlag. <\/em><\/strong><\/p>\n\n\n\n<p class=\"has-text-align-center\"><strong><em>Daf\u00fcr bin ich sehr dankbar, <\/em><\/strong><\/p>\n\n\n\n<p class=\"has-text-align-center\"><strong><em>denn das ist sozusagen der Aufstieg von der Regional-Liga in die erste Bundesliga!!!<\/em><\/strong><\/p>\n\n\n\n<p class=\"has-text-align-center\">************<\/p>\n\n\n\n<p><\/p>\n\n\n\n<p><\/p>\n\n\n\n<p><\/p>\n\n\n\n<p><\/p>\n\n\n\n<p><\/p>\n\n\n<div class=\"wp-block-image\">\n<figure class=\"aligncenter\"><img loading=\"lazy\" decoding=\"async\" width=\"496\" height=\"689\" src=\"https:\/\/nabingers.de\/petra\/wp-content\/uploads\/2024\/06\/Cover_16.05.2024.jpg\" alt=\"\" class=\"wp-image-387\" srcset=\"https:\/\/nabingers.de\/petra\/wp-content\/uploads\/2024\/06\/Cover_16.05.2024.jpg 496w, https:\/\/nabingers.de\/petra\/wp-content\/uploads\/2024\/06\/Cover_16.05.2024-216x300.jpg 216w\" sizes=\"auto, (max-width: 496px) 100vw, 496px\" \/><\/figure>\n<\/div>\n\n\n<p><br><\/p>\n\n\n\n<p class=\"has-text-align-center\">&#8222;Es gibt keine Grenzen f\u00fcr das, was wir als Frauen erreichen k\u00f6nnen.&#8220; Dieses Zitat von Michelle Obama ist ein wunderbares Statement. <\/p>\n\n\n\n<p class=\"has-text-align-center\">Es passt perfekt zu diesem Buch. <\/p>\n\n\n\n<p class=\"has-text-align-center\">Frauen aus der immer noch m\u00e4nnerdominierten Finanzbranche berichten \u00fcber ihren Weg in Spitzenpositionen. Sie erz\u00e4hlen \u00fcber Stolpersteine, \u00fcber Schl\u00fcsselmomente, das Netzwerken und die eigene Motivation.<\/p>\n\n\n\n<p class=\"has-text-align-center\">Lassen Sie sich von diesen Role Models inspirieren und blicken Sie in facettenreiche Laufbahnen hinein, die dazu ermutigen, auf die eigenen St\u00e4rken zu vertrauen und mehr zu fordern.<\/p>\n\n\n\n<p class=\"has-text-align-center\">Ich w\u00fcnsche Ihnen viel Freude und Kreativit\u00e4t f\u00fcr Ihre eigenen Zukunftspl\u00e4ne!<\/p>\n\n\n\n<p class=\"has-text-align-center\">ISBN 978-3-945734-51-3<\/p>\n\n\n\n<p><\/p>\n\n\n\n<p><\/p>\n\n\n\n<p><\/p>\n\n\n\n<p><\/p>\n\n\n\n<div class=\"wp-block-columns is-layout-flex wp-container-core-columns-is-layout-9d6595d7 wp-block-columns-is-layout-flex\">\n<div class=\"wp-block-column is-layout-flow wp-block-column-is-layout-flow\">\n<figure class=\"wp-block-image\"><img loading=\"lazy\" decoding=\"async\" width=\"717\" height=\"1024\" src=\"https:\/\/nabingers.de\/petra\/wp-content\/uploads\/2021\/06\/Cover-09.06.21-1-717x1024.jpg\" alt=\"\" class=\"wp-image-88\" srcset=\"https:\/\/nabingers.de\/petra\/wp-content\/uploads\/2021\/06\/Cover-09.06.21-1-717x1024.jpg 717w, https:\/\/nabingers.de\/petra\/wp-content\/uploads\/2021\/06\/Cover-09.06.21-1-210x300.jpg 210w, https:\/\/nabingers.de\/petra\/wp-content\/uploads\/2021\/06\/Cover-09.06.21-1-768x1097.jpg 768w, https:\/\/nabingers.de\/petra\/wp-content\/uploads\/2021\/06\/Cover-09.06.21-1-1076x1536.jpg 1076w, https:\/\/nabingers.de\/petra\/wp-content\/uploads\/2021\/06\/Cover-09.06.21-1-1434x2048.jpg 1434w, https:\/\/nabingers.de\/petra\/wp-content\/uploads\/2021\/06\/Cover-09.06.21-1-1600x2285.jpg 1600w, https:\/\/nabingers.de\/petra\/wp-content\/uploads\/2021\/06\/Cover-09.06.21-1.jpg 1654w\" sizes=\"auto, (max-width: 717px) 100vw, 717px\" \/><\/figure>\n<\/div>\n\n\n\n<div class=\"wp-block-column is-layout-flow wp-block-column-is-layout-flow\">\n<p><\/p>\n\n\n\n<p><\/p>\n\n\n\n<p class=\"has-text-align-center\">Expert*innen beziehen Position zur Frauenquote und der Geschlechtergerechtigkeit in Deutschland.<br>Ist die Frauenquote wirklich erforderlich? Pers\u00f6nlichkeiten, die in unserer Gesellschaft wichtige Funktionen innehaben, \u00fcber Autorit\u00e4t und Entscheidungskompetenzen verf\u00fcgen und eine gestaltende Rolle wahrnehmen, beziehen hier Position. Sie nehmen Stellung zur Frauenquote und der Geschlechtergerechtigkeit in Deutschland. Sie sprechen Empfehlungen aus, um die Machtverh\u00e4ltnisse zwischen Entscheiderinnen und Entscheidern in Unternehmen, Wissenschaft und Politik k\u00fcnftig ausgewogener zu gestalten.<br>ISBN 978-3-945734-48-3<\/p>\n<\/div>\n<\/div>\n\n\n\n<div class=\"wp-block-columns is-layout-flex wp-container-core-columns-is-layout-9d6595d7 wp-block-columns-is-layout-flex\">\n<div class=\"wp-block-column is-layout-flow wp-block-column-is-layout-flow\">\n<figure class=\"wp-block-image size-large\" id=\"sprungmarke1\"><img loading=\"lazy\" decoding=\"async\" width=\"717\" height=\"1024\" src=\"https:\/\/nabingers.de\/petra\/wp-content\/uploads\/2021\/06\/Cover-717x1024.jpg\" alt=\"\" class=\"wp-image-41\" srcset=\"https:\/\/nabingers.de\/petra\/wp-content\/uploads\/2021\/06\/Cover-717x1024.jpg 717w, https:\/\/nabingers.de\/petra\/wp-content\/uploads\/2021\/06\/Cover-210x300.jpg 210w, https:\/\/nabingers.de\/petra\/wp-content\/uploads\/2021\/06\/Cover-768x1097.jpg 768w, https:\/\/nabingers.de\/petra\/wp-content\/uploads\/2021\/06\/Cover-1075x1536.jpg 1075w, https:\/\/nabingers.de\/petra\/wp-content\/uploads\/2021\/06\/Cover-1434x2048.jpg 1434w, https:\/\/nabingers.de\/petra\/wp-content\/uploads\/2021\/06\/Cover-1600x2286.jpg 1600w, https:\/\/nabingers.de\/petra\/wp-content\/uploads\/2021\/06\/Cover.jpg 1654w\" sizes=\"auto, (max-width: 717px) 100vw, 717px\" \/><\/figure>\n\n\n\n<p class=\"has-text-align-center\">Die Portraitsammlung bietet einen facettenreichen Einblick in verschiedenste Kulturen. Im interkulturellen Dialog wird deutlich, wie bereichernd diese F\u00fclle und Buntheit f\u00fcr uns alle sein kann. Die vorgestellten Frauen haben Vorbildfunktion, da es ihnen gelungen ist, ein St\u00fcck der Kultur ihres Herkunftslandes bzw. das ihrer Eltern zu erhalten und zu bewahren. Die kulturelle Vielfalt ist Teil ihrer Identit\u00e4t geworden. Es ist eine Freude, die l\u00e4ndertypischen Traditionen mitzuerleben, die diese Frauen in ihren Erz\u00e4hlungen \u00fcber nahe und ferne L\u00e4nder und \u00fcber die eigene Lebensgeschichte lebendig werden lassen. Die Frauen sind stolz darauf! Sie haben f\u00fcr dieses Buch ihre Schatzkiste ge\u00f6ffnet und damit einen gro\u00dfen Reichtum offenbart.<br>ISBN 978-3-945734-47-6<\/p>\n<\/div>\n\n\n\n<div class=\"wp-block-column is-layout-flow wp-block-column-is-layout-flow\">\n<figure class=\"wp-block-image size-full\"><img loading=\"lazy\" decoding=\"async\" width=\"491\" height=\"728\" src=\"https:\/\/nabingers.de\/petra\/wp-content\/uploads\/2021\/06\/Cover4.jpg\" alt=\"\" class=\"wp-image-53\" srcset=\"https:\/\/nabingers.de\/petra\/wp-content\/uploads\/2021\/06\/Cover4.jpg 491w, https:\/\/nabingers.de\/petra\/wp-content\/uploads\/2021\/06\/Cover4-202x300.jpg 202w\" sizes=\"auto, (max-width: 491px) 100vw, 491px\" \/><\/figure>\n\n\n\n<p class=\"has-text-align-center\">Erfahren Sie aus zehn spannenden und sehr unterschiedlichen Portraits \u00fcber kreative Frauen, wie es m\u00f6glich ist, mit Leidenschaft erfolgreich zu sein. Es ist eine kurzweilige Reise, die \u2013 wie bei einem M\u00e4rchen \u2013 im Schloss beginnt und uns \u2013 wie bei 1001 Nacht \u2013 bis in den Norden Afrikas f\u00fchrt. Lassen Sie sich von diesen zehn Frauen verzaubern und mitnehmen auf eine abenteuerliche Reise. Erfahren Sie auch etwas \u00fcber die Chancen im Leben, die sich aus vermeintlichen Niederlagen ergeben k\u00f6nnen.<br>ISBN 978-3-945734-29-2<\/p>\n<\/div>\n\n\n\n<div class=\"wp-block-column is-layout-flow wp-block-column-is-layout-flow\">\n<figure class=\"wp-block-image size-large\"><img loading=\"lazy\" decoding=\"async\" width=\"740\" height=\"1024\" src=\"http:\/\/staging.nabingers.de\/wp-content\/uploads\/2021\/06\/978-3-945734-27-8_Cover-740x1024.jpg\" alt=\"\" class=\"wp-image-52\" srcset=\"https:\/\/nabingers.de\/petra\/wp-content\/uploads\/2021\/06\/978-3-945734-27-8_Cover-740x1024.jpg 740w, https:\/\/nabingers.de\/petra\/wp-content\/uploads\/2021\/06\/978-3-945734-27-8_Cover-217x300.jpg 217w, https:\/\/nabingers.de\/petra\/wp-content\/uploads\/2021\/06\/978-3-945734-27-8_Cover-768x1062.jpg 768w, https:\/\/nabingers.de\/petra\/wp-content\/uploads\/2021\/06\/978-3-945734-27-8_Cover.jpg 874w\" sizes=\"auto, (max-width: 740px) 100vw, 740px\" \/><\/figure>\n\n\n\n<p class=\"has-text-align-center\">F\u00fcnf erfolgreiche Frauen erz\u00e4hlen, wie es ihnen gelungen ist, den Weg nach oben zu meistern. Sie berichten \u00fcber vielf\u00e4ltige Erfahrungen, zu denen auch Niederlagen geh\u00f6ren. Dadurch k\u00f6nnen sie zum Vorbild werden und junge Frauen ermutigen, mit Erfolg durchzustarten. Aber auch erfahrene Frauen im mittleren Alter orientieren sich oft neu, nach einer famili\u00e4r bedingten Auszeit oder nach einem Betriebs- oder Berufswechsel. Auch f\u00fcr sie gibt es Aufstiegschancen, gerade im Hinblick auf den zunehmenden Bedarf an qualifizierten Fach- und F\u00fchrungskr\u00e4ften.<br>ISBN 978-3-945734-27-8<\/p>\n<\/div>\n<\/div>\n\n\n\n<div class=\"wp-block-columns is-layout-flex wp-container-core-columns-is-layout-9d6595d7 wp-block-columns-is-layout-flex\">\n<div class=\"wp-block-column is-layout-flow wp-block-column-is-layout-flow\">\n<figure class=\"wp-block-image size-full\"><img loading=\"lazy\" decoding=\"async\" width=\"599\" height=\"863\" src=\"https:\/\/nabingers.de\/petra\/wp-content\/uploads\/2021\/06\/Nabinger_Buch_2_Cover-1.jpg\" alt=\"\" class=\"wp-image-23\" srcset=\"https:\/\/nabingers.de\/petra\/wp-content\/uploads\/2021\/06\/Nabinger_Buch_2_Cover-1.jpg 599w, https:\/\/nabingers.de\/petra\/wp-content\/uploads\/2021\/06\/Nabinger_Buch_2_Cover-1-208x300.jpg 208w\" sizes=\"auto, (max-width: 599px) 100vw, 599px\" \/><\/figure>\n\n\n\n<p class=\"has-text-align-center\">In diesem Buch wird das Thema \u00b4Chancengleichheit\u00b4 aus der Perspektive einer Betroffenen beleuchtet: Ich bin sowohl stolz darauf, vierfache Mutter zu sein, als auch stolz darauf, beruflich in einer M\u00e4nnerdom\u00e4ne zu arbeiten. Dieses erm\u00f6glicht es mir, interessante Blickwinkel einzunehmen und festzustellen, dass wir nach wie vor noch weit entfernt sind von der Chancengleichheit. Sicherlich gibt es schon zahlreiche gute Entwicklungen, auch dank der Gesetzesinitiativen der vergangenen Jahre. Aber von einer ausgeglichenen Work-Family-Balance kann noch nicht gesprochen werden.<br>ISBN 978-3-945734-21-6<\/p>\n<\/div>\n\n\n\n<div class=\"wp-block-column is-layout-flow wp-block-column-is-layout-flow\">\n<figure class=\"wp-block-image size-large\"><img loading=\"lazy\" decoding=\"async\" width=\"752\" height=\"1024\" src=\"https:\/\/nabingers.de\/petra\/wp-content\/uploads\/2021\/06\/Franziska-Beckers_Frau-und-Mann_Cover-1-752x1024.jpg\" alt=\"\" class=\"wp-image-22\" srcset=\"https:\/\/nabingers.de\/petra\/wp-content\/uploads\/2021\/06\/Franziska-Beckers_Frau-und-Mann_Cover-1-752x1024.jpg 752w, https:\/\/nabingers.de\/petra\/wp-content\/uploads\/2021\/06\/Franziska-Beckers_Frau-und-Mann_Cover-1-220x300.jpg 220w, https:\/\/nabingers.de\/petra\/wp-content\/uploads\/2021\/06\/Franziska-Beckers_Frau-und-Mann_Cover-1-768x1046.jpg 768w, https:\/\/nabingers.de\/petra\/wp-content\/uploads\/2021\/06\/Franziska-Beckers_Frau-und-Mann_Cover-1-1128x1536.jpg 1128w, https:\/\/nabingers.de\/petra\/wp-content\/uploads\/2021\/06\/Franziska-Beckers_Frau-und-Mann_Cover-1-1504x2048.jpg 1504w, https:\/\/nabingers.de\/petra\/wp-content\/uploads\/2021\/06\/Franziska-Beckers_Frau-und-Mann_Cover-1-1600x2179.jpg 1600w, https:\/\/nabingers.de\/petra\/wp-content\/uploads\/2021\/06\/Franziska-Beckers_Frau-und-Mann_Cover-1-scaled.jpg 1880w\" sizes=\"auto, (max-width: 752px) 100vw, 752px\" \/><\/figure>\n\n\n\n<p class=\"has-text-align-center\">Das Buch bietet einen historischen und aktuellen \u00dcberblick zu den Themen \u201eFrauenf\u00f6rderung\u201c und \u201eVereinbarkeit von Familie und Beruf\u201c. Die Autorin schildert dazu ihre eigenen Erfahrungen und f\u00fchrt Interviews mit Personen aus den Bereichen Erziehung, Wirtschaft und Politik durch. Es ist ein Pl\u00e4doyer f\u00fcr die Familie und f\u00fcr das erfolgreiche Team \u201eFrau und Mann\u201c! Es soll jungen Menschen Mut machen auf dem Weg in eine erfolgreiche famili\u00e4re und berufliche Zukunft.<br>ISBN 978-3-9815867-3-2<\/p>\n<\/div>\n\n\n\n<div class=\"wp-block-column is-layout-flow wp-block-column-is-layout-flow\">\n<p class=\"has-text-align-center\"><\/p>\n<\/div>\n<\/div>\n\n\n\n<p><\/p>\n","protected":false},"excerpt":{"rendered":"<p>Bisher erschienen Mehr Frauen an die Spitze! Braucht es die Quote f\u00fcr mehr Frauen in Spitzenpositionen? Welche Mittel stehen noch&hellip;<\/p>\n","protected":false},"author":1,"featured_media":0,"parent":0,"menu_order":0,"comment_status":"closed","ping_status":"closed","template":"","meta":{"footnotes":""},"class_list":["post-9","page","type-page","status-publish","hentry"],"_links":{"self":[{"href":"https:\/\/nabingers.de\/petra\/wp-json\/wp\/v2\/pages\/9","targetHints":{"allow":["GET"]}}],"collection":[{"href":"https:\/\/nabingers.de\/petra\/wp-json\/wp\/v2\/pages"}],"about":[{"href":"https:\/\/nabingers.de\/petra\/wp-json\/wp\/v2\/types\/page"}],"author":[{"embeddable":true,"href":"https:\/\/nabingers.de\/petra\/wp-json\/wp\/v2\/users\/1"}],"replies":[{"embeddable":true,"href":"https:\/\/nabingers.de\/petra\/wp-json\/wp\/v2\/comments?post=9"}],"version-history":[{"count":39,"href":"https:\/\/nabingers.de\/petra\/wp-json\/wp\/v2\/pages\/9\/revisions"}],"predecessor-version":[{"id":483,"href":"https:\/\/nabingers.de\/petra\/wp-json\/wp\/v2\/pages\/9\/revisions\/483"}],"wp:attachment":[{"href":"https:\/\/nabingers.de\/petra\/wp-json\/wp\/v2\/media?parent=9"}],"curies":[{"name":"wp","href":"https:\/\/api.w.org\/{rel}","templated":true}]}}